d 42.
6
What is the highest common factor of 134 and 603?
67
Calculate the highest common factor of 2415 and 210.
105
What is the greatest common divisor of 90 and 360?
90
What is the greatest common divisor of 108 and 132?
12
What is the highest common factor of 927 and 9?
9
What is the greatest common factor of 772 and 12?
4
Calculate the greatest common divisor of 400 and 272.
16
Calculate the greatest common divisor of 3514 and 14.
14
Calculate the greatest common factor of 522 and 468.
18
What is the greatest common factor of 24 and 948?
12
What is the greatest common divisor of 32054 and 94?
94
Calculate the greatest common divisor of 13 and 8177.
13
What is the greatest common divisor of 2120 and 680?
40
What is the greatest common factor of 448 and 574?
14
Calculate the highest common divisor of 2090 and 330.
110
Calculate the highest common factor of 17 and 2533.
17
Calculate the highest common factor of 1184 and 222.
74
Calculate the highest common factor of 240 and 312.
24
What is the highest common factor of 142 and 25702?
142
What is the highest common divisor of 236 and 649?
59
Calculate the greatest common factor of 12 and 6764.
4
Calculate the greatest common factor of 26 and 18.
2
What is the greatest common factor of 64 and 208?
16
What is the highest common factor of 147 and 252?
21
Calculate the highest common divisor of 8 and 1688.
8
Calculate the highest common divisor of 63 and 294.
21
What is the greatest common divisor of 228 and 48?
12
What is the highest common factor of 41 and 328?
41
Calculate the greatest common factor of 256 and 224.
32
Calculate the greatest common divisor of 144 and 324.
36
Calculate the greatest common divisor of 4 and 154.
2
Calculate the greatest common divisor of 18 and 2.
2
Calculate the highest common factor of 203 and 84.
7
What is the highest common divisor of 306 and 1122?
102
Calculate the greatest common divisor of 378 and 54.
54
Calculate the highest common divisor of 494 and 38.
38
Calculate the highest common factor of 348 and 37236.
348
What is the highest common factor of 108 and 396?
36
What is the greatest common divisor of 38 and 950?
38
Calculate the highest common divisor of 380 and 60.
20
What is the highest common divisor of 147 and 7?
7
Calculate the highest common factor of 82 and 369.
41
Calculate the greatest common divisor of 553 and 79.
79
Calculate the greatest common divisor of 6924 and 12.
12
What is the greatest common divisor of 98 and 2198?
14
What is the greatest common factor of 51 and 289?
17
Calculate the greatest common factor of 3227 and 140.
7
What is the greatest common factor of 25 and 335?
5
What is the greatest common divisor of 1189 and 451?
41
Calculate the greatest common factor of 116 and 667.
29
Calculate the highest common factor of 4 and 40244.
4
Calculate the highest common factor of 16789 and 163.
163
Calculate the greatest common factor of 285 and 165.
15
Calculate the greatest common factor of 296 and 488.
8
What is the greatest common factor of 8257 and 46?
23
Calculate the greatest common divisor of 170 and 10.
10
What is the greatest common factor of 207 and 51?
3
Calculate the highest common divisor of 25 and 45.
5
What is the highest common divisor of 44 and 198?
22
What is the highest common factor of 77 and 7?
7
Calculate the highest common divisor of 2500 and 4.
4
What is the greatest common divisor of 2695 and 132?
11
Calculate the greatest common divisor of 1650 and 264.
66
What is the highest common factor of 153 and 5151?
51
Calculate the highest common divisor of 1325 and 25.
25
What is the greatest common factor of 21 and 399?
21
What is the greatest common divisor of 3399 and 165?
33
Calculate the greatest common divisor of 6352 and 128.
16
Calculate the highest common divisor of 1183 and 13.
13
What is the highest common factor of 238 and 136?
34
What is the greatest common divisor of 546 and 98?
14
What is the greatest common factor of 200 and 52300?
100
What is the highest common divisor of 561 and 374?
187
What is the greatest common divisor of 21087 and 9?
9
Calculate the highest common factor of 560 and 1552.
16
Calculate the highest common divisor of 36 and 3132.
36
Calculate the greatest common factor of 3105 and 15.
15
What is the greatest common divisor of 4125 and 30?
15
What is the highest common divisor of 308 and 847?
77
What is the greatest common divisor of 3185 and 70?
35
What is the highest common divisor of 1147 and 37?
37
Calculate the highest common factor of 36 and 378.
18
What is the highest common factor of 51 and 17459?
17
What is the highest common factor of 2109 and 171?
57
What is the highest common factor of 405 and 4536?
81
Calculate the greatest common divisor of 2774 and 2044.
146
What is the greatest common factor of 21 and 1666?
7
What is the highest common factor of 456 and 57?
57
What is the greatest common factor of 60 and 945?
15
What is the greatest common factor of 78 and 442?
26
Calculate the greatest common divisor of 3159 and 1944.
243
Calculate the greatest common divisor of 2 and 22.
2
What is the greatest common factor of 105 and 1239?
21
Calculate the highest common factor of 225 and 135.
45
Calculate the greatest common divisor of 570 and 456.
114
Calculate the highest common divisor of 405 and 90.
45
Calculate the greatest common divisor of 1643 and 217.
31
What is the highest common divisor of 860 and 1505?
215
What is the highest common divisor of 3570 and 21?
21
Calculate the highest common divisor of 40 and 320.
40
Calculate the greatest common divisor of 10 and 10.
10
Calculate the greatest common divisor of 36 and 28.
4
Calculate the greatest common factor of 6246 and 9.
9
What is the greatest common factor of 8 and 68?
4
Calculate the highest common factor of 530 and 30.
10
What is the greatest common factor of 85 and 119?
17
Calculate the greatest common divisor of 803 and 22.
11
What is the greatest common divisor of 55 and 495?
55
Calculate the highest common factor of 8909 and 59.
59
Calculate the highest common divisor of 1110 and 150.
30
Calculate the highest common factor of 2 and 58.
2
Calculate the highest common divisor of 10 and 24.
2
What is the highest common divisor of 140 and 4340?
140
Calculate the greatest common factor of 1608 and 576.
24
Calculate the greatest common divisor of 306 and 1309.
17
Calculate the highest common divisor of 1057 and 7.
7
What is the highest common factor of 32 and 736?
32
Calculate the greatest common divisor of 423 and 705.
141
Calculate the highest common factor of 130 and 2405.
65
What is the greatest common factor of 13 and 17797?
13
What is the greatest common divisor of 4 and 356?
4
What is the greatest common factor of 72 and 222?
6
Calculate the highest common factor of 1944 and 192.
24
What is the greatest common factor of 120 and 56720?
40
What is the greatest common divisor of 161 and 45563?
161
What is the greatest common factor of 2 and 50?
2
Calculate the greatest common factor of 2072 and 1628.
148
What is the greatest common divisor of 335 and 40?
5
What is the highest common factor of 11 and 2497?
11
What is the greatest common factor of 325 and 104?
13
Calculate the highest common divisor of 5375 and 1625.
125
What is the greatest common divisor of 412 and 927?
103
Calculate the greatest common divisor of 7758 and 18.
18
Calculate the highest common divisor of 125 and 75.
25
What is the highest common factor of 5 and 1345?
5
What is the highest common factor of 294 and 138?
6
Calculate the highest common factor of 13 and 3.
1
Calculate the greatest common divisor of 13 and 169.
13
Calculate the greatest common divisor of 15 and 10100.
5
Calculate the highest common factor of 57 and 6.
3
What is the greatest common divisor of 152 and 19?
19
What is the greatest common divisor of 6183 and 229?
229
Calculate the highest common divisor of 15 and 480.
15
What is the highest common divisor of 48 and 624?
48
Calculate the highest common factor of 1392 and 754.
58
Calculate the highest common factor of 116 and 32828.
116
Calculate the highest common factor of 64 and 18752.
64
What is the highest common factor of 49 and 1127?
49
What is the greatest common divisor of 300 and 1100?
100
What is the greatest comm